) in base 16?
a
0 (base 11) to base 13
0
What is -12 (base 15) in base 4?
-101
Convert -1 (base 10) to base 4.
-1
What is 7 (base 13) in base 16?
7
What is 5 (base 6) in base 11?
5
Convert -19 (base 13) to base 3.
-211
b5 (base 13) to base 10
148
Convert 3 (base 8) to base 12.
3
What is 3 (base 12) in base 4?
3
Convert b (base 13) to base 10.
11
What is -3 (base 12) in base 9?
-3
45 (base 11) to base 13
3a
What is -65 (base 16) in base 15?
-6b
0 (base 11) to base 13
0
What is 2 (base 15) in base 8?
2
-2 (base 6) to base 8
-2
What is -1 (base 2) in base 10?
-1
100101100 (base 2) to base 14
176
Convert 33 (base 16) to base 7.
102
What is -30 (base 8) in base 3?
-220
What is -33 (base 12) in base 14?
-2b
-4b (base 14) to base 16
-43
What is 7 (base 14) in base 6?
11
What is -1 (base 6) in base 8?
-1
22 (base 6) to base 14
10
Convert -1c (base 14) to base 16.
-1a
What is -37 (base 12) in base 4?
-223
What is -23 (base 4) in base 10?
-11
Convert 1110110 (base 2) to base 12.
9a
Convert -353 (base 6) to base 15.
-96
Convert -220 (base 5) to base 9.
-66
What is -3 (base 12) in base 5?
-3
Convert -7 (base 16) to base 7.
-10
Convert -10 (base 3) to base 14.
-3
What is 25 (base 13) in base 4?
133
Convert -302 (base 10) to base 9.
-365
-158 (base 11) to base 12
-134
What is 1001 (base 2) in base 9?
10
Convert 150 (base 10) to base 12.
106
Convert -5 (base 8) to base 13.
-5
What is 40 (base 15) in base 3?
2020
What is 1 (base 15) in base 9?
1
What is 3 (base 12) in base 7?
3
What is 2 (base 12) in base 10?
2
Convert 4 (base 13) to base 6.
4
-133 (base 4) to base 16
-1f
-2 (base 13) to base 3
-2
What is -22111 (base 3) in base 9?
-274
0 (base 6) to base 2
0
What is 11 (base 9) in base 6?
14
b (base 12) to base 9
12
7 (base 8) to base 4
13
Convert -d (base 15) to base 10.
-13
Convert 240 (base 6) to base 12.
80
What is 4a (base 15) in base 11?
64
Convert -4 (base 16) to base 5.
-4
Convert 118 (base 10) to base 7.
226
What is -3 (base 6) in base 16?
-3
Convert 3 (base 6) to base 3.
10
Convert -5 (base 9) to base 3.
-12
100 (base 2) to base 15
4
222 (base 3) to base 10
26
-13 (base 9) to base 4
-30
What is 12 (base 3) in base 16?
5
-140 (base 5) to base 2
-101101
What is -56 (base 12) in base 15?
-46
What is -7 (base 15) in base 11?
-7
What is 1 (base 8) in base 13?
1
Convert -1d (base 14) to base 8.
-33
-a3 (base 12) to base 9
-146
-11011 (base 2) to base 6
-43
What is 15 (base 6) in base 4?
23
Convert -3 (base 7) to base 12.
-3
Convert -1120 (base 3) to base 10.
-42
Convert -11 (base 3) to base 14.
-4
3 (base 6) to base 2
11
What is 2b (base 16) in base 6?
111
-4 (base 13) to base 2
-100
57 (base 15) to base 6
214
Convert 1 (base 11) to base 14.
1
3 (base 6) to base 15
3
What is -1010001 (base 2) in base 14?
-5b
What is -3c (base 14) in base 3?
-2000
-1022 (base 4) to base 10
-74
-5 (base 16) to base 6
-5
Convert -220 (base 5) to base 15.
-40
Convert 0 (base 6) to base 16.
0
Convert 20 (base 14) to base 6.
44
-23 (base 5) to base 11
-12
Convert 2b (base 14) to base 13.
30
What is -173 (base 11) in base 13?
-126
43 (base 7) to base 5
111
110 (base 2) to base 3
20
10001 (base 2) to base 15
12
-54 (base 9) to base 5
-144
-76 (base 8) to base 2
-111110
What is -120 (base 7) in base 11?
-58
Convert -197 (base 10) to base 7.
-401
-34 (base 14) to base 4
-232
Convert 13 (base 11) to base 7.
20
Convert -1 (base 16) to base 11.
-1
Convert -8 (base 13) to base 9.
-8
Convert 33 (base 4) to base 12.
13
-4 (base 9) to base 14
-4
-1 (base 15) to base 7
-1
Convert -2 (base 4) to base 7.
-2
What is 0 (base 2) in base 13?
0
Convert a (base 12) to base 2.
1010
Convert 4 (base 11) to base 16.
4
What is 36 (base 7) in base 12?
23
Convert -61 (base 10) to base 2.
-111101
Convert -2 (base 3) to base 6.
-2
Convert 90 (base 11) to base 7.
201
-1 (base 13) to base 8
-1
Convert -253 (base 7) to base 11.
-114
What is -2 (base 8) in base 14?
-2
-1011 (base 2) to base 5
-21
Convert -410 (base 5) to base 11.
-96
-1 (base 2) to base 15
-1
-6 (base 16) to base 14
-6
What is -79 (base 10) in base 15?
-54
What is -c (base 14) in base 6?
-20
-5 (base 16) to base 3
-12
What is 221 (base 12) in base 14?
185
-3 (base 12) to base 4
-3
6 (base 8) to base 6
10
0 (base 14) to base 11
0
What is 176 (base 8) in base 16?
7e
What is -3 (base 12) in base 2?
-11
-150 (base 9) to base 10
-126
Convert 100 (base 2) to base 8.
4
0 (base 16) to base 9
0
Convert 2 (base 10) to base 5.
2
Convert 44 (base 7) to base 15.
22
-1 (base 7) to base 8
-1
What is -14 (base 13) in base 10?
-17
0 (base 9) to base 12
0
What is -10 (base 5) in base 8?
-5
-110 (base 8) to base 15
-4c
2 (base 4) to base 8
2
-113 (base 13) to base 5
-1220
133 (base 6) to base 10
57
Convert 16 (base 7) to base 8.
15
What is -6 (base 16) in base 12?
-6
-10110000 (base 2) to base 4
-2300
What is -22 (base 5) in base 13?
-c
Convert 1 (base 10) to base 15.
1
What is -2 (base 3) in base 9?
-2
Convert 11300 (base 4) to base 13.
224
What is -10 (base 6) in base 7?
-6
19 (base 12) to base 3
210
What is 4 (base 15) in base 6?
4
12 (base 4) to base 5
11
-25 (base 10) to base 3
-221
40 (base 5) to base 9
22
What is -87 (base 11) in base 10?
-95
Convert 6 (base 7) to base 5.
11
What is 10 (base 2) in base 6?
2
What is -3 (base 6) in base 10?
-3
What is 86 (base 11) in base 14?
6a
Convert 113 (base 6) to base 11.
41
What is 89 (base 13) in base 15?
78
Convert -2 (base 4) to base 11.
-2
What is -7 (base 10) in base 5?
-12
What is -1c (base 15) in base 13?
-21
3 (base 5) to base 9
3
Convert 21 (base 5) to base 9.
12
Convert 1 (base 10) to base 12.
1
7 (base 9) to base 15
7
0 (base 9) to base 11
0
-6 (base 8) to base 10
-6
What is 382 (base 9) in base 10?
317
What is -3 (base 12) in base 10?
-3
1 (base 11) to base 10
1
b (base 15) to base 8
13
What is -84 (base 9) in base 16?
-4c
Convert 9 (base 10) to base 15.
9
What is 201 (base 4) in base 14?
25
Convert -1 (base 10) to base 12.
-1
Convert 1b (base 15) to base 7.
35
What is -1 (base 13) in base 6?
-1
-1 (base 12) to base 7
-1
0 (base 7) to base 10
0
10 (base 5) to base 4
11
38 (base 9) to base 2
100011
What is -5 (base 12) in base 16?
-5
What is -13 (base 6) in base 7?
-12
What is -3 (base 12) in base 14?
-3
What is 1 (base 4) in base 3?
1
What is 4 (base 7) in base 6?
4
Convert 21 (base 3) to base 5.
12
-112 (base 4) to base 15
-17
What is 2 (base 6) in base 8?
2
36 (base 8) to base 13
24
Convert -96 (base 12) to base 3.
-11020
What is -1 (base 4) in base 3?
-1
Convert 130 (base 12) to base 4.
2310
What is 0 (base 9) in base 11?
0
-424 (base 9) to base 12
-24a
75 (base 12) to base 2
1011001
Convert 262 (base 12) to base 4.
11222
4 (base 9) to base 15
4
17 (base 16) to base 4
113
Convert 425 (base 8) to base 12.
1b1
Convert -3 (base 14) to base 10.
-3
2 (base 14) to base 15
2
Convert 2 (base 14) to base 13.
2
Convert -4 (base 8) to base 4.
-10
Convert -23 (base 4) to base 7.
-14
Convert -77 (base 13) to base 4.
-1202
What is 4a (base 11) in base 8?
66
Convert 307 (base 9) to base 2.
11111010
What is 11020 (base 3) in base 9?
136
What is 20 (base 5) in base 16?
a
What is 1 (base 14) in base 11?
1
What is 10210 (base 4) in base 15?
147
-4 (base 8) to base 12
-4
-11 (base 2) to base 12
-3
Convert 17 (base 10) to base 16.
11
-11 (base 3) to base 2
-100
10 (base 12) to base 9
13
-3 (base 4) to base 8
-3
33 (base 5) to base 12
16
Convert -4 (base 15) to base 8.
-4
Convert 22 (base 16) to base 3.
1021
Convert 9 (base 10) to base 12.
9
What is 70 (base 8) in base 4?
320
What is -8 (base 15) in base 8?
-10
What is -23 (base 4) in base 9?
-12
3 (base 10) to base 7
3
Convert -3 (base 12) to base 4.
-3
What is 3 (base 10) in base 4?
3
What is 8 (base 10) in base 14?
8
What is 21 (base 9) in base 16?
13
Convert -16 (base 9) to base 8.
-17
Convert -1 (base 16) to base 9.
-1
What is -8 (base 14) in base 4?
-20
-136 (base 10) to base 11
-114
Convert -1 (base 7) to base 10.
-1
What is -12 (base 8) in base 10?
-10
What is -21 (base 8) in base 6?
-25
What is 3 (base 10) in base 4?
3
-302 (base 9) to base 11
-203
Convert 101 (base 3) to base 11.
a
Convert -70 (base 10) to base 7.
-130
What is -50 (base 8) in base 13?
-31
2 (base 3) to base 13
2
5 (base 10) to base 8
5
What is 12 (base 11) in base 8?
15
What is -c5 (base 16)